t is the remainder when 97772 is divided by 13?
12
Calculate the remainder when 57827 is divided by 14454.
11
Calculate the remainder when 2759 is divided by 155.
124
Calculate the remainder when 18144 is divided by 317.
75
What is the remainder when 390165 is divided by 76?
57
Calculate the remainder when 1699 is divided by 421.
15
What is the remainder when 1560 is divided by 779?
2
What is the remainder when 12776 is divided by 482?
244
Calculate the remainder when 3673 is divided by 916.
9
Calculate the remainder when 23175 is divided by 187.
174
Calculate the remainder when 54374 is divided by 28.
26
What is the remainder when 23388 is divided by 687?
30
What is the remainder when 2693 is divided by 888?
29
What is the remainder when 19702 is divided by 19688?
14
What is the remainder when 2241311 is divided by 34?
31
Calculate the remainder when 9208 is divided by 1146.
40
What is the remainder when 33441 is divided by 13?
5
Calculate the remainder when 8028449 is divided by 950.
949
Calculate the remainder when 24339 is divided by 403.
159
Calculate the remainder when 222990 is divided by 318.
72
Calculate the remainder when 2752341 is divided by 393190.
11
What is the remainder when 9929 is divided by 198?
29
Calculate the remainder when 75153 is divided by 120.
33
What is the remainder when 404787 is divided by 101194?
11
What is the remainder when 5732 is divided by 8?
4
Calculate the remainder when 2635 is divided by 586.
291
What is the remainder when 2306 is divided by 42?
38
What is the remainder when 344716 is divided by 43086?
28
Calculate the remainder when 2485 is divided by 31.
5
Calculate the remainder when 68326 is divided by 13.
11
Calculate the remainder when 150328 is divided by 236.
232
What is the remainder when 1441818 is divided by 867?
864
What is the remainder when 47307 is divided by 5908?
43
What is the remainder when 96640 is divided by 253?
247
What is the remainder when 51038 is divided by 67?
51
What is the remainder when 3893 is divided by 327?
296
Calculate the remainder when 16125 is divided by 616.
109
What is the remainder when 28435 is divided by 50?
35
What is the remainder when 297849 is divided by 25?
24
Calculate the remainder when 1566 is divided by 1459.
107
What is the remainder when 33681 is divided by 50?
31
Calculate the remainder when 19389 is divided by 4843.
17
What is the remainder when 25151 is divided by 206?
19
Calculate the remainder when 211722 is divided by 70572.
6
Calculate the remainder when 8446 is divided by 52.
22
What is the remainder when 12317 is divided by 77?
74
Calculate the remainder when 87513 is divided by 29169.
6
What is the remainder when 223773 is divided by 42?
39
What is the remainder when 698245 is divided by 389?
379
What is the remainder when 3164 is divided by 317?
311
Calculate the remainder when 77607 is divided by 25862.
21
Calculate the remainder when 1885 is divided by 125.
10
Calculate the remainder when 268274 is divided by 75.
74
What is the remainder when 50048 is divided by 35?
33
Calculate the remainder when 100589 is divided by 341.
335
Calculate the remainder when 1934 is divided by 27.
17
What is the remainder when 3205955 is divided by 7?
4
What is the remainder when 8268407 is divided by 276?
275
What is the remainder when 2310 is divided by 308?
154
What is the remainder when 23177 is divided by 2575?
2
Calculate the remainder when 121622 is divided by 1601.
1547
Calculate the remainder when 3726 is divided by 897.
138
What is the remainder when 58991 is divided by 2805?
86
What is the remainder when 42516 is divided by 42499?
17
What is the remainder when 505290 is divided by 24?
18
What is the remainder when 161 is divided by 47?
20
Calculate the remainder when 7979 is divided by 76.
75
What is the remainder when 40513 is divided by 266?
81
Calculate the remainder when 8324 is divided by 123.
83
Calculate the remainder when 18309 is divided by 122.
9
What is the remainder when 979 is divided by 420?
139
What is the remainder when 2552 is divided by 37?
36
Calculate the remainder when 101581 is divided by 5.
1
What is the remainder when 873 is divided by 118?
47
What is the remainder when 175099 is divided by 16?
11
Calculate the remainder when 59722 is divided by 73.
8
Calculate the remainder when 11662 is divided by 300.
262
Calculate the remainder when 2529 is divided by 500.
29
Calculate the remainder when 7427 is divided by 46.
21
Calculate the remainder when 580 is divided by 149.
133
What is the remainder when 5421 is divided by 422?
357
Calculate the remainder when 15220 is divided by 490.
30
What is the remainder when 22836 is divided by 336?
324
What is the remainder when 30019 is divided by 1154?
15
Calculate the remainder when 11264 is divided by 2221.
159
Calculate the remainder when 5248 is divided by 153.
46
What is the remainder when 11013 is divided by 96?
69
Calculate the remainder when 4377 is divided by 115.
7
What is the remainder when 1773 is divided by 353?
8
What is the remainder when 483 is divided by 54?
51
Calculate the remainder when 16165 is divided by 17.
15
What is the remainder when 203 is divided by 136?
67
What is the remainder when 1643 is divided by 811?
21
What is the remainder when 29519 is divided by 447?
17
Calculate the remainder when 1669350 is divided by 156.
150
What is the remainder when 3925 is divided by 736?
245
What is the remainder when 1473 is divided by 21?
3
What is the remainder when 36296 is divided by 45?
26
Calculate the remainder when 404141 is divided by 206.
175
What is the remainder when 65537 is divided by 198?
197
Calculate the remainder when 30522 is divided by 30424.
98
What is the remainder when 10625 is divided by 540?
365
Calculate the remainder when 5630 is divided by 64.
62
What is the remainder when 3522 is divided by 37?
7
Calculate the remainder when 4990 is divided by 31.
30
Calculate the remainder when 104520 is divided by 11.
9
Calculate the remainder when 5866 is divided by 353.
218
Calculate the remainder when 168588 is divided by 40.
28
Calculate the remainder when 40043 is divided by 3.
2
Calculate the remainder when 158735 is divided by 46.
35
What is the remainder when 44135 is divided by 573?
14
Calculate the remainder when 14676 is divided by 14350.
326
Calculate the remainder when 82892 is divided by 149.
48
Calculate the remainder when 815 is divided by 391.
33
Calculate the remainder when 384012 is divided by 6737.
3
Calculate the remainder when 35385 is divided by 11789.
18
What is the remainder when 59200 is divided by 69?
67
What is the remainder when 28426 is divided by 1762?
234
What is the remainder when 3800 is divided by 1443?
914
Calculate the remainder when 104177 is divided by 123.
119
Calculate the remainder when 1298662 is divided by 365.
357
What is the remainder when 14791 is divided by 14?
7
Calculate the remainder when 586 is divided by 13.
1
What is the remainder when 285654 is divided by 399?
369
Calculate the remainder when 794 is divided by 130.
14
What is the remainder when 29505 is divided by 4?
1
What is the remainder when 346946 is divided by 462?
446
What is the remainder when 10683 is divided by 2435?
943
What is the remainder when 122110 is divided by 110?
10
What is the remainder when 943 is divided by 146?
67
Calculate the remainder when 547 is divided by 270.
7
Calculate the remainder when 75557 is divided by 75543.
14
Calculate the remainder when 22586 is divided by 19.
14
What is the remainder when 1480 is divided by 410?
250
Calculate the remainder when 494226 is divided by 80.
66
What is the remainder when 3389 is divided by 3172?
217
What is the remainder when 35600 is divided by 565?
5
Calculate the remainder when 5047 is divided by 112.
7
Calculate the remainder when 176461 is divided by 8.
5
Calculate the remainder when 2409 is divided by 763.
120
Calculate the remainder when 68728 is divided by 929.
911
Calculate the remainder when 45372 is divided by 23.
16
What is the remainder when 134366 is divided by 2357?
17
Calculate the remainder when 836260 is divided by 418126.
8
Calculate the remainder when 934673 is divided by 763.
761
Calculate the remainder when 2803 is divided by 1993.
810
Calculate the remainder